{"id":6007,"date":"2021-10-18T18:39:11","date_gmt":"2021-10-18T16:39:11","guid":{"rendered":"https:\/\/neu.tropica-verde.de\/impressum\/"},"modified":"2026-03-05T21:33:30","modified_gmt":"2026-03-05T19:33:30","slug":"impressum","status":"publish","type":"page","link":"https:\/\/tropica-verde.de\/es\/impressum\/","title":{"rendered":"Pie de imprenta"},"content":{"rendered":"<p>[et_pb_section fb_built=\u00bb1&#8243; _builder_version=\u00bb4.16&#8243; _module_preset=\u00bbdefault\u00bb global_colors_info=\u00bb{}\u00bb custom_padding=\u00bb61px|||||\u00bb][et_pb_row column_structure=\u00bb2_3,1_3&#8243; _builder_version=\u00bb4.16&#8243; _module_preset=\u00bbdefault\u00bb global_colors_info=\u00bb{}\u00bb custom_margin=\u00bb3px|auto||auto||\u00bb][et_pb_column type=\u00bb2_3&#8243; _builder_version=\u00bb4.16&#8243; _module_preset=\u00bbdefault\u00bb global_colors_info=\u00bb{}\u00bb][et_pb_text _builder_version=\u00bb4.27.4&#8243; _module_preset=\u00bbdefault\u00bb hover_enabled=\u00bb0&#8243; global_colors_info=\u00bb{}\u00bb sticky_enabled=\u00bb0&#8243;]<\/p>\n<h1>Pie de imprenta<\/h1>\n<h2 class=\"isSelectedEnd\">Informaci\u00f3n seg\u00fan el art\u00edculo 5 de la Ley de Servicios Digitales (DDG)<\/h2>\n<p class=\"isSelectedEnd\"><span>Tropica Verde e.V.<\/span><br \/><span>Calle Kasseler 1A<\/span><br \/><span>60486 Fr\u00e1ncfort del Meno<\/span><br \/><span>Alemania<\/span><\/p>\n<h3 class=\"isSelectedEnd\">Registro de asociaciones<\/h3>\n<p class=\"isSelectedEnd\"><span>Inscrita en el Registro de Asociaciones del Tribunal Local de Fr\u00e1ncfort del Meno<\/span><br \/><span>N\u00famero de registro: VR 9422<\/span><\/p>\n<h3 class=\"isSelectedEnd\">Representado por el Comit\u00e9 Ejecutivo:<\/h3>\n<p class=\"isSelectedEnd\"><span>Michael Ott (Presidente)<\/span><br \/><span>Gabriele Schaar-von-R\u00f6mer (Vicepresidenta)<\/span><\/p>\n<h3 class=\"isSelectedEnd\">Contacta con nosotros<\/h3>\n<p class=\"isSelectedEnd\"><span>Tel\u00e9fono: +49 (0)69 \/ 70 76 919<\/span><br \/><span>Correo electr\u00f3nico <\/span><a href=\"mailto:info@tropica-verde.de\"><span>info@tropica-verde.de<\/span><\/a><br \/><span>P\u00e1gina web: <\/span><a href=\"http:\/\/www.tropica-verde.de\"><span>www.tropica-verde.de<\/span><\/a><\/p>\n<h3 class=\"isSelectedEnd\">Responsable del contenido period\u00edstico-editorial seg\u00fan \u00a7 18 Abs. 2 MStV <\/h3>\n<p class=\"isSelectedEnd\"><span>Ingrith Tilly<\/span><br \/><span>Katrin Lehmann<\/span><br \/><span>Tropica Verde e.V.<\/span><br \/><span>Calle Kasseler 1A<\/span><br \/><span>60486 Fr\u00e1ncfort del Meno<\/span><br \/><span>Alemania<\/span><\/p>\n<h3 class=\"isSelectedEnd\">Nota sobre el estatuto no lucrativo<\/h3>\n<p class=\"isSelectedEnd\"><span>Tropica Verde e.V. est\u00e1 reconocida como organizaci\u00f3n sin \u00e1nimo de lucro y persigue exclusiva y directamente fines ben\u00e9ficos en el sentido del C\u00f3digo Fiscal alem\u00e1n.<\/span><span><\/span><\/p>\n<h3 class=\"isSelectedEnd\">Responsabilidad por el contenido<\/h3>\n<p class=\"isSelectedEnd\"><span>El contenido<\/span><span>Los contenidos de este sitio web se han recopilado con el m\u00e1ximo cuidado. Sin embargo, no podemos asumir ninguna responsabilidad por la exactitud, integridad y actualizaci\u00f3n del contenido. Como proveedor de servicios, somos responsables de nuestro propio contenido en estas p\u00e1ginas de acuerdo con el \u00a7 7 (1) DDG y la legislaci\u00f3n general. Sin embargo, seg\u00fan los \u00a7\u00a7 8 a 10 DDG, como proveedor de servicios no estamos obligados a controlar la informaci\u00f3n de terceros transmitida o almacenada, ni a investigar circunstancias que indiquen una actividad ilegal.    <\/span><\/p>\n<h3 class=\"isSelectedEnd\">Responsabilidad de los enlaces<\/h3>\n<p class=\"isSelectedEnd\"><span>Nuestro sitio web contiene enlaces a sitios web externos de terceros sobre cuyo contenido no tenemos ninguna influencia. Por lo tanto, no podemos aceptar ninguna responsabilidad por este contenido de terceros. El respectivo proveedor u operador de las p\u00e1ginas es siempre responsable del contenido de las p\u00e1ginas enlazadas. En el momento de establecer el enlace, se comprobaron las p\u00e1ginas correspondientes para detectar posibles infracciones legales. No se reconocieron contenidos ilegales en el momento de establecer el enlace.    <\/span><\/p>\n<h3 class=\"isSelectedEnd\">Derechos de autor<\/h3>\n<p class=\"isSelectedEnd\"><span>El contenido y las obras creadas por los operadores del sitio en estas p\u00e1ginas est\u00e1n sujetos a la legislaci\u00f3n alemana sobre derechos de autor. Las contribuciones de terceros est\u00e1n etiquetadas como tales. La duplicaci\u00f3n, procesamiento, distribuci\u00f3n y cualquier tipo de utilizaci\u00f3n fuera de los l\u00edmites de la ley de derechos de autor requieren el consentimiento por escrito del autor o creador respectivo.  <\/span><\/p>\n<h3 class=\"isSelectedEnd\">Cr\u00e9ditos de las fotos<\/h3>\n<p class=\"isSelectedEnd\"><span>Las im\u00e1genes y fotograf\u00edas utilizadas en este sitio web est\u00e1n sujetas a derechos de autor. A menos que se indique lo contrario, los derechos de imagen son propiedad de Tropica Verde e.V. o se han utilizado con el permiso del fot\u00f3grafo o titular de los derechos respectivo, incluido el fot\u00f3grafo de naturaleza Stefan Rother de <a href=\"http:\/\/www.faunity.ch\" target=\"_blank\" rel=\"noopener nofollow\">Faunity<\/a>. Cuando es necesario, las fuentes de las im\u00e1genes y los autores se nombran directamente en la imagen, en el pie de foto o al final de la p\u00e1gina correspondiente.  <\/span><\/p>\n<h3 class=\"isSelectedEnd\">Protecci\u00f3n de datos<\/h3>\n<p><span>Puedes encontrar informaci\u00f3n sobre el tratamiento de datos personales en nuestra <a href=\"https:\/\/tropica-verde.de\/es\/datenschutz\/\" target=\"_blank\" rel=\"noopener\">pol\u00edtica de privacidad<\/a>.<\/span><\/p>\n<h3>Resoluci\u00f3n de litigios de consumo\/centro de arbitraje universal<\/h3>\n<p>No estamos dispuestos ni obligados a participar en procedimientos de resoluci\u00f3n de litigios ante una junta arbitral de consumo.<\/p>\n<p>[\/et_pb_text][\/et_pb_column][et_pb_column type=\u00bb1_3&#8243; _builder_version=\u00bb4.16&#8243; _module_preset=\u00bbdefault\u00bb global_colors_info=\u00bb{}\u00bb][et_pb_text _builder_version=\u00bb4.23.1&#8243; _module_preset=\u00bbdefault\u00bb custom_padding=\u00bb0px|||||\u00bb global_colors_info=\u00bb{}\u00bb global_module=\u00bb243554&#8243; theme_builder_area=\u00bbpost_content\u00bb]<\/p>\n<p><a href=\"https:\/\/tropica-verde.de\/projekte-aktuelles\/\">ALLE THEMEN | ALLE PROJEKTE | ALLE NEUIGKEITEN \u279c zum Magazin<\/a><\/p>\n<p style=\"text-align: left;\">\n<p>[\/et_pb_text][et_pb_text _builder_version=\u00bb4.16&#8243; text_font=\u00bb||||\u00bb header_font=\u00bb||||\u00bb background_size=\u00bbinitial\u00bb background_position=\u00bbtop_left\u00bb background_repeat=\u00bbrepeat\u00bb text_font_size_tablet=\u00bb14&#8243; text_font_size_phone=\u00bb14&#8243; text_letter_spacing_tablet=\u00bb0px\u00bb text_letter_spacing_phone=\u00bb0px\u00bb text_line_height_tablet=\u00bb1.7em\u00bb text_line_height_phone=\u00bb1.7em\u00bb header_font_size_tablet=\u00bb30px\u00bb header_font_size_phone=\u00bb30px\u00bb header_letter_spacing_tablet=\u00bb0px\u00bb header_letter_spacing_phone=\u00bb0px\u00bb header_line_height_tablet=\u00bb1em\u00bb header_line_height_phone=\u00bb1em\u00bb use_border_color=\u00bboff\u00bb border_color=\u00bb#ffffff\u00bb border_width=\u00bb1px\u00bb border_style=\u00bbsolid\u00bb global_module=\u00bb207&#8243; saved_tabs=\u00bball\u00bb global_colors_info=\u00bb{}\u00bb]<\/p>\n<p><a href=\"http:\/\/www.tropica-verde.de\/helfen-spenden\" style=\"font-size: large; font-family: &#039;Source Sans Pro&#039;, sans-serif;\"><strong>Spenden Sie!<\/strong><\/a><\/p>\n<p><span lang=\"de\" style=\"font-size: large;\">Spenden Sie f\u00fcr den Gro\u00dfen Soldatenara, f\u00fcr neue B\u00e4ume oder den Schutz von Regenwald. Kompensieren Sie Ihren CO2-Fu\u00dfabdruck oder erwerben Sie eine Regenwald-Patenschaft<\/span><\/p>\n<p><span style=\"font-size: large;\"><strong><a href=\"http:\/\/www.tropica-verde.de\/helfen-spenden\/mitglied-werden\/\">Werden Sie Mitglied!<\/a><br \/><\/strong><\/span><\/p>\n<p id=\"tw-target-text\" class=\"tw-data-text tw-ta tw-text-small\" dir=\"ltr\" data-placeholder=\"\u00dcbersetzung\"><span lang=\"de\" style=\"font-size: large;\">Werden Sie Mitglied bei TROPICA VERDE, und unterst\u00fctzen Sie unsere Aktivit\u00e4ten. Entscheiden Sie mit, was in Zukunft umgesetzt werden soll<\/span><\/p>\n<p><span style=\"font-size: large;\"><a href=\"http:\/\/www.tropica-verde.de\/helfen-spenden\/ehrenamt\/\"><strong>Begleiten Sie uns!<\/strong><\/a><\/span><\/p>\n<p><span style=\"font-size: large;\">Unterst\u00fctzen Sie unseren Verein als Ehrenamtlicher mit Ihrem Wissen<strong><br \/><\/strong><\/span><\/p>\n<p><span style=\"font-size: large;\"><strong><a href=\"http:\/\/www.tropica-verde.de\/helfen-spenden\/weitersagen\/\">Empfehlen Sie uns!<\/a><br \/><\/strong><\/span><\/p>\n<p><span style=\"font-size: large;\">Erz\u00e4hlen Sie Freunden und Bekannten von uns und folgen Sie uns auf Facebook &amp; Co.<\/span><\/p>\n<p>[\/et_pb_text][et_pb_text _builder_version=\u00bb4.16&#8243; text_font=\u00bb||||\u00bb header_font=\u00bb||||\u00bb background_size=\u00bbinitial\u00bb background_position=\u00bbtop_left\u00bb background_repeat=\u00bbrepeat\u00bb text_font_size_tablet=\u00bb14&#8243; text_font_size_phone=\u00bb14&#8243; text_letter_spacing_tablet=\u00bb0px\u00bb text_letter_spacing_phone=\u00bb0px\u00bb text_line_height_tablet=\u00bb1.7em\u00bb text_line_height_phone=\u00bb1.7em\u00bb header_font_size_tablet=\u00bb30px\u00bb header_font_size_phone=\u00bb30px\u00bb header_letter_spacing_tablet=\u00bb0px\u00bb header_letter_spacing_phone=\u00bb0px\u00bb header_line_height_tablet=\u00bb1em\u00bb header_line_height_phone=\u00bb1em\u00bb use_border_color=\u00bboff\u00bb border_color=\u00bb#ffffff\u00bb border_width=\u00bb1px\u00bb border_style=\u00bbsolid\u00bb global_module=\u00bb207&#8243; saved_tabs=\u00bball\u00bb global_colors_info=\u00bb{}\u00bb]<\/p>\n<p><a href=\"http:\/\/www.tropica-verde.de\/helfen-spenden\" style=\"font-size: large; font-family: &#039;Source Sans Pro&#039;, sans-serif;\"><strong>Spenden Sie!<\/strong><\/a><\/p>\n<p><span lang=\"de\" style=\"font-size: large;\">Spenden Sie f\u00fcr den Gro\u00dfen Soldatenara, f\u00fcr neue B\u00e4ume oder den Schutz von Regenwald. Kompensieren Sie Ihren CO2-Fu\u00dfabdruck oder erwerben Sie eine Regenwald-Patenschaft<\/span><\/p>\n<p><span style=\"font-size: large;\"><strong><a href=\"http:\/\/www.tropica-verde.de\/helfen-spenden\/mitglied-werden\/\">Werden Sie Mitglied!<\/a><br \/><\/strong><\/span><\/p>\n<p id=\"tw-target-text\" class=\"tw-data-text tw-ta tw-text-small\" dir=\"ltr\" data-placeholder=\"\u00dcbersetzung\"><span lang=\"de\" style=\"font-size: large;\">Werden Sie Mitglied bei TROPICA VERDE, und unterst\u00fctzen Sie unsere Aktivit\u00e4ten. Entscheiden Sie mit, was in Zukunft umgesetzt werden soll<\/span><\/p>\n<p><span style=\"font-size: large;\"><a href=\"http:\/\/www.tropica-verde.de\/helfen-spenden\/ehrenamt\/\"><strong>Begleiten Sie uns!<\/strong><\/a><\/span><\/p>\n<p><span style=\"font-size: large;\">Unterst\u00fctzen Sie unseren Verein als Ehrenamtlicher mit Ihrem Wissen<strong><br \/><\/strong><\/span><\/p>\n<p><span style=\"font-size: large;\"><strong><a href=\"http:\/\/www.tropica-verde.de\/helfen-spenden\/weitersagen\/\">Empfehlen Sie uns!<\/a><br \/><\/strong><\/span><\/p>\n<p><span style=\"font-size: large;\">Erz\u00e4hlen Sie Freunden und Bekannten von uns und folgen Sie uns auf Facebook &amp; Co.<\/span><\/p>\n<p>[\/et_pb_text][\/et_pb_column][\/et_pb_row][\/et_pb_section]<\/p>\n","protected":false},"excerpt":{"rendered":"<p>Pie de imprenta Informaci\u00f3n seg\u00fan el art\u00edculo 5 de la Ley de Servicios Digitales (DDG) Tropica Verde e.V.Calle Kasseler 1A60486 Fr\u00e1ncfort del MenoAlemania Registro de asociaciones Inscrita en el Registro de Asociaciones del Tribunal Local de Fr\u00e1ncfort del MenoN\u00famero de registro: VR 9422 Representado por el Comit\u00e9 Ejecutivo: Michael Ott (Presidente)Gabriele Schaar-von-R\u00f6mer (Vicepresidenta) Contacta con [&hellip;]<\/p>\n","protected":false},"author":10,"featured_media":0,"parent":0,"menu_order":0,"comment_status":"closed","ping_status":"closed","template":"","meta":{"_et_pb_use_builder":"on","_et_pb_old_content":"","_et_gb_content_width":"","inline_featured_image":false,"footnotes":""},"class_list":["post-6007","page","type-page","status-publish","hentry"],"_links":{"self":[{"href":"https:\/\/tropica-verde.de\/es\/wp-json\/wp\/v2\/pages\/6007","targetHints":{"allow":["GET"]}}],"collection":[{"href":"https:\/\/tropica-verde.de\/es\/wp-json\/wp\/v2\/pages"}],"about":[{"href":"https:\/\/tropica-verde.de\/es\/wp-json\/wp\/v2\/types\/page"}],"author":[{"embeddable":true,"href":"https:\/\/tropica-verde.de\/es\/wp-json\/wp\/v2\/users\/10"}],"replies":[{"embeddable":true,"href":"https:\/\/tropica-verde.de\/es\/wp-json\/wp\/v2\/comments?post=6007"}],"version-history":[{"count":10,"href":"https:\/\/tropica-verde.de\/es\/wp-json\/wp\/v2\/pages\/6007\/revisions"}],"predecessor-version":[{"id":250362,"href":"https:\/\/tropica-verde.de\/es\/wp-json\/wp\/v2\/pages\/6007\/revisions\/250362"}],"wp:attachment":[{"href":"https:\/\/tropica-verde.de\/es\/wp-json\/wp\/v2\/media?parent=6007"}],"curies":[{"name":"wp","href":"https:\/\/api.w.org\/{rel}","templated":true}]}}

<p>[et_pb_section fb_built=»1&#8243; _builder_version=»4.16&#8243; _module_preset=»default» global_colors_info=»{}» custom_padding=»61px|||||»][et_pb_row column_structure=»2_3,1_3&#8243; _builder_version=»4.16&#8243; _module_preset=»default» global_colors_info=»{}» custom_margin=»3px|auto||auto||»][et_pb_column type=»2_3&#8243; _builder_version=»4.16&#8243; _module_preset=»default» global_colors_info=»{}»][et_pb_text _builder_version=»4.27.4&#8243; _module_preset=»default» hover_enabled=»0&#8243; global_colors_info=»{}» sticky_enabled=»0&#8243;]</p>
<h1>Pie de imprenta</h1>
<h2 class="isSelectedEnd">Información según el artículo 5 de la Ley de Servicios Digitales (DDG)</h2>
<p class="isSelectedEnd"><span>Tropica Verde e.V.</span><br /><span>Calle Kasseler 1A</span><br /><span>60486 Fráncfort del Meno</span><br /><span>Alemania</span></p>
<h3 class="isSelectedEnd">Registro de asociaciones</h3>
<p class="isSelectedEnd"><span>Inscrita en el Registro de Asociaciones del Tribunal Local de Fráncfort del Meno</span><br /><span>Número de registro: VR 9422</span></p>
<h3 class="isSelectedEnd">Representado por el Comité Ejecutivo:</h3>
<p class="isSelectedEnd"><span>Michael Ott (Presidente)</span><br /><span>Gabriele Schaar-von-Römer (Vicepresidenta)</span></p>
<h3 class="isSelectedEnd">Contacta con nosotros</h3>
<p class="isSelectedEnd"><span>Teléfono: +49 (0)69 / 70 76 919</span><br /><span>Correo electrónico </span><a href="mailto:info@tropica-verde.de"><span>info@tropica-verde.de</span></a><br /><span>Página web: </span><a href="http://www.tropica-verde.de"><span>www.tropica-verde.de</span></a></p>
<h3 class="isSelectedEnd">Responsable del contenido periodístico-editorial según § 18 Abs. 2 MStV </h3>
<p class="isSelectedEnd"><span>Ingrith Tilly</span><br /><span>Katrin Lehmann</span><br /><span>Tropica Verde e.V.</span><br /><span>Calle Kasseler 1A</span><br /><span>60486 Fráncfort del Meno</span><br /><span>Alemania</span></p>
<h3 class="isSelectedEnd">Nota sobre el estatuto no lucrativo</h3>
<p class="isSelectedEnd"><span>Tropica Verde e.V. está reconocida como organización sin ánimo de lucro y persigue exclusiva y directamente fines benéficos en el sentido del Código Fiscal alemán.</span><span></span></p>
<h3 class="isSelectedEnd">Responsabilidad por el contenido</h3>
<p class="isSelectedEnd"><span>El contenido</span><span>Los contenidos de este sitio web se han recopilado con el máximo cuidado. Sin embargo, no podemos asumir ninguna responsabilidad por la exactitud, integridad y actualización del contenido. Como proveedor de servicios, somos responsables de nuestro propio contenido en estas páginas de acuerdo con el § 7 (1) DDG y la legislación general. Sin embargo, según los §§ 8 a 10 DDG, como proveedor de servicios no estamos obligados a controlar la información de terceros transmitida o almacenada, ni a investigar circunstancias que indiquen una actividad ilegal.    </span></p>
<h3 class="isSelectedEnd">Responsabilidad de los enlaces</h3>
<p class="isSelectedEnd"><span>Nuestro sitio web contiene enlaces a sitios web externos de terceros sobre cuyo contenido no tenemos ninguna influencia. Por lo tanto, no podemos aceptar ninguna responsabilidad por este contenido de terceros. El respectivo proveedor u operador de las páginas es siempre responsable del contenido de las páginas enlazadas. En el momento de establecer el enlace, se comprobaron las páginas correspondientes para detectar posibles infracciones legales. No se reconocieron contenidos ilegales en el momento de establecer el enlace.    </span></p>
<h3 class="isSelectedEnd">Derechos de autor</h3>
<p class="isSelectedEnd"><span>El contenido y las obras creadas por los operadores del sitio en estas páginas están sujetos a la legislación alemana sobre derechos de autor. Las contribuciones de terceros están etiquetadas como tales. La duplicación, procesamiento, distribución y cualquier tipo de utilización fuera de los límites de la ley de derechos de autor requieren el consentimiento por escrito del autor o creador respectivo.  </span></p>
<h3 class="isSelectedEnd">Créditos de las fotos</h3>
<p class="isSelectedEnd"><span>Las imágenes y fotografías utilizadas en este sitio web están sujetas a derechos de autor. A menos que se indique lo contrario, los derechos de imagen son propiedad de Tropica Verde e.V. o se han utilizado con el permiso del fotógrafo o titular de los derechos respectivo, incluido el fotógrafo de naturaleza Stefan Rother de <a href="http://www.faunity.ch" target="_blank" rel="noopener nofollow">Faunity</a>. Cuando es necesario, las fuentes de las imágenes y los autores se nombran directamente en la imagen, en el pie de foto o al final de la página correspondiente.  </span></p>
<h3 class="isSelectedEnd">Protección de datos</h3>
<p><span>Puedes encontrar información sobre el tratamiento de datos personales en nuestra <a href="https://tropica-verde.de/es/datenschutz/" target="_blank" rel="noopener">política de privacidad</a>.</span></p>
<h3>Resolución de litigios de consumo/centro de arbitraje universal</h3>
<p>No estamos dispuestos ni obligados a participar en procedimientos de resolución de litigios ante una junta arbitral de consumo.</p>
<p>[/et_pb_text][/et_pb_column][et_pb_column type=»1_3&#8243; _builder_version=»4.16&#8243; _module_preset=»default» global_colors_info=»{}»][et_pb_text _builder_version=»4.23.1&#8243; _module_preset=»default» custom_padding=»0px|||||» global_colors_info=»{}» global_module=»243554&#8243; theme_builder_area=»post_content»]</p>
<p><a href="https://tropica-verde.de/projekte-aktuelles/">ALLE THEMEN | ALLE PROJEKTE | ALLE NEUIGKEITEN ➜ zum Magazin</a></p>
<p style="text-align: left;">
<p>[/et_pb_text][et_pb_text _builder_version=»4.16&#8243; text_font=»||||» header_font=»||||» background_size=»initial» background_position=»top_left» background_repeat=»repeat» text_font_size_tablet=»14&#8243; text_font_size_phone=»14&#8243; text_letter_spacing_tablet=»0px» text_letter_spacing_phone=»0px» text_line_height_tablet=»1.7em» text_line_height_phone=»1.7em» header_font_size_tablet=»30px» header_font_size_phone=»30px» header_letter_spacing_tablet=»0px» header_letter_spacing_phone=»0px» header_line_height_tablet=»1em» header_line_height_phone=»1em» use_border_color=»off» border_color=»#ffffff» border_width=»1px» border_style=»solid» global_module=»207&#8243; saved_tabs=»all» global_colors_info=»{}»]</p>
<p><a href="http://www.tropica-verde.de/helfen-spenden" style="font-size: large; font-family: &#039;Source Sans Pro&#039;, sans-serif;"><strong>Spenden Sie!</strong></a></p>
<p><span lang="de" style="font-size: large;">Spenden Sie für den Großen Soldatenara, für neue Bäume oder den Schutz von Regenwald. Kompensieren Sie Ihren CO2-Fußabdruck oder erwerben Sie eine Regenwald-Patenschaft</span></p>
<p><span style="font-size: large;"><strong><a href="http://www.tropica-verde.de/helfen-spenden/mitglied-werden/">Werden Sie Mitglied!</a><br /></strong></span></p>
<p id="tw-target-text" class="tw-data-text tw-ta tw-text-small" dir="ltr" data-placeholder="Übersetzung"><span lang="de" style="font-size: large;">Werden Sie Mitglied bei TROPICA VERDE, und unterstützen Sie unsere Aktivitäten. Entscheiden Sie mit, was in Zukunft umgesetzt werden soll</span></p>
<p><span style="font-size: large;"><a href="http://www.tropica-verde.de/helfen-spenden/ehrenamt/"><strong>Begleiten Sie uns!</strong></a></span></p>
<p><span style="font-size: large;">Unterstützen Sie unseren Verein als Ehrenamtlicher mit Ihrem Wissen<strong><br /></strong></span></p>
<p><span style="font-size: large;"><strong><a href="http://www.tropica-verde.de/helfen-spenden/weitersagen/">Empfehlen Sie uns!</a><br /></strong></span></p>
<p><span style="font-size: large;">Erzählen Sie Freunden und Bekannten von uns und folgen Sie uns auf Facebook &amp; Co.</span></p>
<p>[/et_pb_text][et_pb_text _builder_version=»4.16&#8243; text_font=»||||» header_font=»||||» background_size=»initial» background_position=»top_left» background_repeat=»repeat» text_font_size_tablet=»14&#8243; text_font_size_phone=»14&#8243; text_letter_spacing_tablet=»0px» text_letter_spacing_phone=»0px» text_line_height_tablet=»1.7em» text_line_height_phone=»1.7em» header_font_size_tablet=»30px» header_font_size_phone=»30px» header_letter_spacing_tablet=»0px» header_letter_spacing_phone=»0px» header_line_height_tablet=»1em» header_line_height_phone=»1em» use_border_color=»off» border_color=»#ffffff» border_width=»1px» border_style=»solid» global_module=»207&#8243; saved_tabs=»all» global_colors_info=»{}»]</p>
<p><a href="http://www.tropica-verde.de/helfen-spenden" style="font-size: large; font-family: &#039;Source Sans Pro&#039;, sans-serif;"><strong>Spenden Sie!</strong></a></p>
<p><span lang="de" style="font-size: large;">Spenden Sie für den Großen Soldatenara, für neue Bäume oder den Schutz von Regenwald. Kompensieren Sie Ihren CO2-Fußabdruck oder erwerben Sie eine Regenwald-Patenschaft</span></p>
<p><span style="font-size: large;"><strong><a href="http://www.tropica-verde.de/helfen-spenden/mitglied-werden/">Werden Sie Mitglied!</a><br /></strong></span></p>
<p id="tw-target-text" class="tw-data-text tw-ta tw-text-small" dir="ltr" data-placeholder="Übersetzung"><span lang="de" style="font-size: large;">Werden Sie Mitglied bei TROPICA VERDE, und unterstützen Sie unsere Aktivitäten. Entscheiden Sie mit, was in Zukunft umgesetzt werden soll</span></p>
<p><span style="font-size: large;"><a href="http://www.tropica-verde.de/helfen-spenden/ehrenamt/"><strong>Begleiten Sie uns!</strong></a></span></p>
<p><span style="font-size: large;">Unterstützen Sie unseren Verein als Ehrenamtlicher mit Ihrem Wissen<strong><br /></strong></span></p>
<p><span style="font-size: large;"><strong><a href="http://www.tropica-verde.de/helfen-spenden/weitersagen/">Empfehlen Sie uns!</a><br /></strong></span></p>
<p><span style="font-size: large;">Erzählen Sie Freunden und Bekannten von uns und folgen Sie uns auf Facebook &amp; Co.</span></p>
<p>[/et_pb_text][/et_pb_column][/et_pb_row][/et_pb_section]</p>

<p>Pie de imprenta Información según el artículo 5 de la Ley de Servicios Digitales (DDG) Tropica Verde e.V.Calle Kasseler 1A60486 Fráncfort del MenoAlemania Registro de asociaciones Inscrita en el Registro de Asociaciones del Tribunal Local de Fráncfort del MenoNúmero de registro: VR 9422 Representado por el Comité Ejecutivo: Michael Ott (Presidente)Gabriele Schaar-von-Römer (Vicepresidenta) Contacta con [&hellip;]</p>
